is -1521 - 649b?
-79bc
In base 14, what is -d2d + -24860?
-2578d
In base 6, what is 312 + 150452332?
150453044
In base 8, what is -233510 - 450?
-234160
In base 10, what is 13 + -1391257?
-1391244
In base 9, what is 7181 + 7735?
16026
In base 4, what is 31312013 - 21?
31311332
In base 2, what is 11100001011 - 111010110101100?
-110111010100001
In base 7, what is 2 + -1164461?
-1164456
In base 15, what is -1 - -182d01?
182d00
In base 4, what is 1332 + -11103212?
-11101220
In base 15, what is b8a27e + -9?
b8a275
In base 7, what is 4200222 - -10212?
4210434
In base 11, what is -1aa - -20180?
1aa81
In base 10, what is 10 + 5824457?
5824467
In base 10, what is -1097 + -12380?
-13477
In base 12, what is 15b7 - a7b9?
-9202
In base 9, what is -382088816 + -3?
-382088820
In base 11, what is -a259a - 199?
-a2788
In base 9, what is 575 - 324?
251
In base 8, what is 3 - -7544316?
7544321
In base 15, what is 15954 - 1a?
15939
In base 12, what is -2 + 49187a71?
49187a6b
In base 5, what is -3322323 + 401?
-3321422
In base 5, what is 31042202 + -3000?
31034202
In base 13, what is -432 - -4312?
3bb0
In base 7, what is 2 + -113532025?
-113532023
In base 12, what is -271a230 - 20?
-271a250
In base 5, what is 2024342403 - -4?
2024342412
In base 10, what is -183769 + 54?
-183715
In base 8, what is -1122231263 - 3?
-1122231266
In base 10, what is 13257482 + 13?
13257495
In base 11, what is 11136 - 1910?
a326
In base 9, what is -14015 - 11377?
-25403
In base 7, what is 136565 + 10022?
146620
In base 15, what is 13 + 2001ad?
2001c1
In base 3, what is -1202001010 + 20121?
-1201210112
In base 6, what is -35054035 - -211?
-35053424
In base 3, what is -202002221 + 1002121111?
100111120
In base 6, what is 2000 + -102412?
-100412
In base 5, what is -44140012 + -2332?
-44142344
In base 12, what is 6a + 17090?
1713a
In base 11, what is 64 + -243479?
-243415
In base 4, what is 202321023 + -2110?
202312313
In base 10, what is 11 + -218731?
-218720
In base 15, what is 3c0 + -aad5?
-a715
In base 8, what is -47 + -763665?
-763734
In base 5, what is -4140432004 + 2?
-4140432002
In base 12, what is 33 - -493748?
49377b
In base 15, what is 18 - 78286?
-7826d
In base 4, what is 31103202 + 100223?
31210031
In base 4, what is -2213003000213 - 12?
-2213003000231
In base 2, what is 1001011 - 10100111111110000100010?
-10100111111101111010111
In base 9, what is 2 - -161531158?
161531161
In base 12, what is -41 - b0b72?
-b0bb3
In base 3, what is 120 - 212212120220012?
-212212120212122
In base 9, what is 82766 - -1562?
84438
In base 9, what is -5 + -4024385?
-4024401
In base 12, what is -523339a + -3?
-52333a1
In base 9, what is -35 - -8822575?
8822540
In base 7, what is -32 - -3512616?
3512554
In base 9, what is -3021 - -25241?
22220
In base 13, what is 1a0b3 - 84?
1a02c
In base 9, what is -612150820 - -6?
-612150813
In base 3, what is -111 + 200201001211022?
200201001210211
In base 13, what is 145900 + -18?
1458b5
In base 2, what is -10101111 + 101001011001101011?
101001010110111100
In base 8, what is 1 - -7347437?
7347440
In base 13, what is -238ac - 273?
-23b52
In base 3, what is 2 - 2021210200111011?
-2021210200111002
In base 16, what is c9ab4 + -91?
c9a23
In base 14, what is -1063a6d + -2?
-1063a71
In base 5, what is 40 - 104324440?
-104324400
In base 15, what is -284b + 11?
-283a
In base 8, what is 1132474 - 1037?
1131435
In base 4, what is -221021121 + -12231?
-221100012
In base 8, what is 6754 + -5712?
1042
In base 5, what is -244 - -433224404?
433224110
In base 15, what is -78 + 16e3?
166a
In base 11, what is -6203 + -528?
-6730
In base 8, what is -322235703 + 0?
-322235703
In base 12, what is -7a42b - -28?
-7a403
In base 12, what is 2066 - 23491?
-21427
In base 16, what is 8572 + -2?
8570
In base 7, what is -2525601 + 64?
-2525504
In base 12, what is -5 + -310256?
-31025b
In base 11, what is -28 + -5360a?
-53637
In base 5, what is -1031 - 100124403?
-100130434
In base 14, what is 1a7d167 - 0?
1a7d167
In base 2, what is -10101010000 - -10000100011011?
1101111001011
In base 2, what is 10100011100 + -111100000100100?
-111001100001000
In base 6, what is 14245205040 + -3?
14245205033
In base 15, what is 31cb - 375?
2d56
In base 4, what is 221322123 - -11221?
222000010
In base 14, what is 9 - 41068?
-4105d
In base 8, what is 1062 - -120472?
121554
In base 14, what is -16 - d76563?
-d76579
In base 5, what is -20041231144 + 12?
-20041231132
In base 13, what is 585154 + 2b?
585182
In base 15, what is e06 + 17a?
1081
In base 3, what is -100212101222 + 1011?
-100212100211
In base 10, what is -1010298 + 8?
-1010290
In base 7, what is -6 + -1315163?
-1315202
In base 15, what is -2d2223a + 1?
-2d22239
In base 14, what is 2 - -123d2b7d?
123d2b81
In base 10, what is -120 - 17347?
-17467
In base 11, what is 85 - 372436?
-372361
In base 2, what is 10101111010 + 11000010011110?
11011000011000
In base 7, what is -5403 - 2613220?
-2621623
In base 16, what is -4 - 1f7e16c?
-1f7e170
In base 4, what is 21 - -1323133123?
1323133210
In base 10, what is -3 + 11956392?
11956389
In base 5, what is 10 - 224144101243?
-224144101233
In base 16, what is 10 - 19bf1?
-19be1
In base 7, what is -1001123 + -65?
-1001221
In base 13, what is -725b78 - -14?
-725b64
In base 15, what is -16 + -300dc?
-30103
In base 3, what is -1101012100021100110 - 1?
-1101012100021100111
In base 8, what is -203542 + 150?
-203372
In base 16, what is 48 - -d2a42?
d2a8a
In base 16, what is 3c851 - 2?
3c84f
In base 14, what is -24 - 4c88a?
-4c8b0
In base 9, what is -162332 + 3060?
-158262
In base 13, what is 55 + -28c61?
-28c09
In base 7, what is -604203 + 123?
-604050
In base 15, what is 6 - 4a0ed55?
-4a0ed4e
In base 14, what is -abd6 + -65?
-ac5b
In base 8, what is -1351160 - -5?
-1351153
In base 6, what is 5052 - -210534?
220030
In base 3, what is 1212 - -202002111110?
202002120022
In base 16, what is -8 - 18d4f97?
-18d4f9f
In base 10, what is 2 + 112125517?
112125519
In base 6, what is -12420533 + -3?
-12420540
In base 9, what is 422863008 - 1?
422863007
In base 4, what is 10 + 12003303013211?
12003303013221
In base 12, what is 3639632 + -74?
363957a
In base 8, what is -45307502 - -11?
-45307471
In base 15, what is 7 + a8e820?
a8e827
In base 4, what is 30033 + 212101332?
212132031
In base 16, what is 4 - 284a3ae?
-284a3aa
In base 13, what is 54ba6c - -41?
54bab0
In base 2, what is 10001011111 - 1000011111001100?
-1000001101101101
In base 3, what is -11021000102 + -1001011?
-11022001120
In base 3, what is 100121110221020110 - 11?
100121110221020022
In base 7, what is -521 + 151244?
150423
In base 8, what is 55 + 553721?
553776
In base 5, what is -14 + -231313303311?
-231313303330
In base 14, what is 1453dd9 - -8?
1454003
In base 7, what is 24 - -1202314?
1202341
In base 10, what is -31052 - -227?
-30825
In base 5, what is 122 + -10010040032?
-10010034410
In base 8, what is -3 + -27652050?
-27652053
In base 5, what is 10 - 32324342?
-32324332
In base 13, what is -4ba56 - c?
-4ba65
In base 6, what is -5 - -202153504?
202153455
In base 14, what is 1d + 260d396?
260d3b5
In base 7, what is -361155 - -13152?
-345003
In base 4, what is -12 - -12203330330?
12203330312
In base 10, what is 544 - -187062?
187606
In base 8, what is 7 + -64305630?
-64305621
In base 6, what is -23 - -521555404?
521555341
In base 4, what is 1113211121 - 1100?
1113210021
In base 13, what is 32016 - -67?
32080
In base 8, what is -7732221 + 1?
-7732220
In base 2, what is 0 - 110111010100111011111?
-110111010100111011111
In base 7, what is -13004 + 42242?
26235
In base 8, what is -1537240372 - -2?
-1537240370
In base 16, what is -1660bc + 48?
-166074
In base 5, what is 10444220 - -420?
11000140
In base 10, what is 1 + -5308999?
-5308998
In base 12, what is 4 + 85714ba?
8571502
In base 13, what is 38057407 - 1?
38057406
In base 5, what is -10 + 14313401232?
14313401222
In base 8, what is 1773 - -416002?
417775
In base 2, what is -11011011110111100 - 100001?
-11011011111011101
In base 9, what is -2 + 713286575?
713286573
In base 4, what is -1120031031201 - 22?
-1120031031223
In base 9, what is 3266 - -11314?
14581
In base 9, what is 43 - 187713?
-187660
In base 12, what is -4084458 + 2?
-4084456
In base 7, what is -46100 + -2053?
-51153
In base 6, what is -131411 - -1530?
